{"id":414,"date":"2026-02-11T06:46:47","date_gmt":"2026-02-11T06:46:47","guid":{"rendered":"https:\/\/zbojovsky1.website.tuke.sk\/?page_id=414"},"modified":"2026-02-19T12:49:55","modified_gmt":"2026-02-19T12:49:55","slug":"aktualne-projekty","status":"publish","type":"page","link":"https:\/\/energypowersystems.website.tuke.sk\/index.php\/aktualne-projekty\/","title":{"rendered":"Aktu\u00e1lne projekty"},"content":{"rendered":"\n<div class=\"wp-block-columns is-layout-flex wp-container-core-columns-is-layout-7ec4fa8c wp-block-columns-is-layout-flex\" style=\"padding-top:var(--wp--preset--spacing--superbspacing-xxsmall);padding-bottom:var(--wp--preset--spacing--superbspacing-xxsmall)\">\n<div class=\"wp-block-column is-vertically-aligned-center is-layout-flow wp-container-core-column-is-layout-8a368f38 wp-block-column-is-layout-flow\" style=\"flex-basis:300px\">\n<figure class=\"wp-block-image aligncenter size-full is-resized\" style=\"margin-top:var(--wp--preset--spacing--superbspacing-xsmall);margin-bottom:var(--wp--preset--spacing--superbspacing-xsmall)\"><img loading=\"lazy\" decoding=\"async\" width=\"857\" height=\"315\" src=\"https:\/\/energypowersystems.website.tuke.sk\/wp-content\/uploads\/2026\/02\/apvv-skratka_RGB.png\" alt=\"\" class=\"wp-image-417\" style=\"aspect-ratio:2.720801454512979;width:288px;height:auto\" srcset=\"https:\/\/energypowersystems.website.tuke.sk\/wp-content\/uploads\/2026\/02\/apvv-skratka_RGB.png 857w, https:\/\/energypowersystems.website.tuke.sk\/wp-content\/uploads\/2026\/02\/apvv-skratka_RGB-300x110.png 300w, https:\/\/energypowersystems.website.tuke.sk\/wp-content\/uploads\/2026\/02\/apvv-skratka_RGB-768x282.png 768w\" sizes=\"auto, (max-width: 857px) 100vw, 857px\" \/><\/figure>\n<\/div>\n\n\n\n<div class=\"wp-block-column is-layout-flow wp-block-column-is-layout-flow\">\n<h3 class=\"wp-block-heading\">Nano-funkcionaliz\u00e1cia kvapal\u00edn pre olejov\u00e9 transform\u00e1tory<\/h3>\n\n\n\n<p>Zodpovedn\u00fd rie\u0161ite\u013e: <strong>prof. Ing. Roman Cimbala, PhD.<\/strong><\/p>\n\n\n\n<p>\u010c\u00edslo projektu: <strong>APVV-22-0115<\/strong><\/p>\n\n\n\n<p>Doba rie\u0161enia: <strong>2023-2027<\/strong><br><\/p>\n<\/div>\n<\/div>\n\n\n\n<div class=\"wp-block-columns is-layout-flex wp-container-core-columns-is-layout-7ec4fa8c wp-block-columns-is-layout-flex\" style=\"padding-top:var(--wp--preset--spacing--superbspacing-xxsmall);padding-bottom:var(--wp--preset--spacing--superbspacing-xxsmall)\">\n<div class=\"wp-block-column is-vertically-aligned-center is-layout-flow wp-container-core-column-is-layout-8a368f38 wp-block-column-is-layout-flow\" style=\"flex-basis:300px\">\n<figure class=\"wp-block-image aligncenter size-full is-resized is-style-default\" style=\"margin-top:var(--wp--preset--spacing--superbspacing-xsmall);margin-bottom:var(--wp--preset--spacing--superbspacing-xsmall)\"><img loading=\"lazy\" decoding=\"async\" width=\"400\" height=\"400\" src=\"https:\/\/energypowersystems.website.tuke.sk\/wp-content\/uploads\/2026\/02\/retrotrafo.jpg\" alt=\"\" class=\"wp-image-552\" style=\"width:180px;height:auto\" srcset=\"https:\/\/energypowersystems.website.tuke.sk\/wp-content\/uploads\/2026\/02\/retrotrafo.jpg 400w, https:\/\/energypowersystems.website.tuke.sk\/wp-content\/uploads\/2026\/02\/retrotrafo-300x300.jpg 300w, https:\/\/energypowersystems.website.tuke.sk\/wp-content\/uploads\/2026\/02\/retrotrafo-150x150.jpg 150w\" sizes=\"auto, (max-width: 400px) 100vw, 400px\" \/><\/figure>\n<\/div>\n\n\n\n<div class=\"wp-block-column is-layout-flow wp-block-column-is-layout-flow\">\n<h3 class=\"wp-block-heading\">Development of knowledge and technology to implement retrofilling in power transformers using biodegradable or recycled fluids and fostering circular economy<\/h3>\n\n\n\n<p>Ved\u00faci projektu: <strong>prof. Ing. Juraj <strong>Kurimsk\u00fd<\/strong>, PhD.<\/strong><\/p>\n\n\n\n<p>\u010c\u00edslo projektu: <strong>101182948<\/strong><\/p>\n\n\n\n<p>Doba rie\u0161enia: <strong>2025-2029<\/strong><br><\/p>\n<\/div>\n<\/div>\n\n\n\n<div class=\"wp-block-columns is-layout-flex wp-container-core-columns-is-layout-7ec4fa8c wp-block-columns-is-layout-flex\" style=\"padding-top:var(--wp--preset--spacing--superbspacing-xxsmall);padding-bottom:var(--wp--preset--spacing--superbspacing-xxsmall)\">\n<div class=\"wp-block-column is-vertically-aligned-center is-layout-flow wp-container-core-column-is-layout-8a368f38 wp-block-column-is-layout-flow\" style=\"flex-basis:300px\">\n<figure class=\"wp-block-image aligncenter size-full is-style-default\" style=\"margin-top:var(--wp--preset--spacing--superbspacing-xsmall);margin-bottom:var(--wp--preset--spacing--superbspacing-xsmall)\"><img loading=\"lazy\" decoding=\"async\" width=\"1460\" height=\"406\" src=\"https:\/\/energypowersystems.website.tuke.sk\/wp-content\/uploads\/2026\/02\/VEGA.png\" alt=\"\" class=\"wp-image-416\" srcset=\"https:\/\/energypowersystems.website.tuke.sk\/wp-content\/uploads\/2026\/02\/VEGA.png 1460w, https:\/\/energypowersystems.website.tuke.sk\/wp-content\/uploads\/2026\/02\/VEGA-300x83.png 300w, https:\/\/energypowersystems.website.tuke.sk\/wp-content\/uploads\/2026\/02\/VEGA-1024x285.png 1024w, https:\/\/energypowersystems.website.tuke.sk\/wp-content\/uploads\/2026\/02\/VEGA-768x214.png 768w\" sizes=\"auto, (max-width: 1460px) 100vw, 1460px\" \/><\/figure>\n<\/div>\n\n\n\n<div class=\"wp-block-column is-layout-flow wp-block-column-is-layout-flow\">\n<h3 class=\"wp-block-heading\">V\u00fdskum mo\u017enost\u00ed zvy\u0161ovania prenosov\u00fdch schopnost\u00ed existuj\u00facich vonkaj\u0161\u00edch elektrick\u00fdch veden\u00ed<\/h3>\n\n\n\n<p>Zodpovedn\u00fd rie\u0161ite\u013e: <strong>doc. Ing. \u013dubom\u00edr Be\u0148a, PhD.<\/strong><\/p>\n\n\n\n<p>\u010c\u00edslo projektu: <strong>VEGA 1\/0532\/25<\/strong><\/p>\n\n\n\n<p>Doba rie\u0161enia: <strong>2025-2027<\/strong><br><\/p>\n<\/div>\n<\/div>\n\n\n\n<div class=\"wp-block-columns is-layout-flex wp-container-core-columns-is-layout-7ec4fa8c wp-block-columns-is-layout-flex\" style=\"padding-top:var(--wp--preset--spacing--superbspacing-xxsmall);padding-bottom:var(--wp--preset--spacing--superbspacing-xxsmall)\">\n<div class=\"wp-block-column is-vertically-aligned-center is-layout-flow wp-container-core-column-is-layout-8a368f38 wp-block-column-is-layout-flow\" style=\"flex-basis:300px\">\n<figure class=\"wp-block-image aligncenter size-full is-style-default\" style=\"margin-top:var(--wp--preset--spacing--superbspacing-xsmall);margin-bottom:var(--wp--preset--spacing--superbspacing-xsmall)\"><img loading=\"lazy\" decoding=\"async\" width=\"1460\" height=\"406\" src=\"https:\/\/energypowersystems.website.tuke.sk\/wp-content\/uploads\/2026\/02\/VEGA.png\" alt=\"\" class=\"wp-image-416\" srcset=\"https:\/\/energypowersystems.website.tuke.sk\/wp-content\/uploads\/2026\/02\/VEGA.png 1460w, https:\/\/energypowersystems.website.tuke.sk\/wp-content\/uploads\/2026\/02\/VEGA-300x83.png 300w, https:\/\/energypowersystems.website.tuke.sk\/wp-content\/uploads\/2026\/02\/VEGA-1024x285.png 1024w, https:\/\/energypowersystems.website.tuke.sk\/wp-content\/uploads\/2026\/02\/VEGA-768x214.png 768w\" sizes=\"auto, (max-width: 1460px) 100vw, 1460px\" \/><\/figure>\n<\/div>\n\n\n\n<div class=\"wp-block-column is-layout-flow wp-block-column-is-layout-flow\">\n<h3 class=\"wp-block-heading\">Z\u00edskavanie energie magnetick\u00fdmi kvapalinami<\/h3>\n\n\n\n<p>Zodpovedn\u00fd rie\u0161ite\u013e: <strong>prof. Ing. Juraj Kurimsk\u00fd, PhD.<\/strong><\/p>\n\n\n\n<p>\u010c\u00edslo projektu: <strong>VEGA 2\/0029\/24<\/strong><\/p>\n\n\n\n<p>Doba rie\u0161enia: <strong>2024-2027<\/strong><br><\/p>\n<\/div>\n<\/div>\n\n\n\n<div class=\"wp-block-columns is-layout-flex wp-container-core-columns-is-layout-7ec4fa8c wp-block-columns-is-layout-flex\" style=\"padding-top:var(--wp--preset--spacing--superbspacing-xxsmall);padding-bottom:var(--wp--preset--spacing--superbspacing-xxsmall)\">\n<div class=\"wp-block-column is-vertically-aligned-center is-layout-flow wp-container-core-column-is-layout-8a368f38 wp-block-column-is-layout-flow\" style=\"flex-basis:300px\">\n<figure class=\"wp-block-image aligncenter size-full is-style-default\" style=\"margin-top:var(--wp--preset--spacing--superbspacing-xsmall);margin-bottom:var(--wp--preset--spacing--superbspacing-xsmall)\"><img loading=\"lazy\" decoding=\"async\" width=\"1460\" height=\"406\" src=\"https:\/\/energypowersystems.website.tuke.sk\/wp-content\/uploads\/2026\/02\/VEGA.png\" alt=\"\" class=\"wp-image-416\" srcset=\"https:\/\/energypowersystems.website.tuke.sk\/wp-content\/uploads\/2026\/02\/VEGA.png 1460w, https:\/\/energypowersystems.website.tuke.sk\/wp-content\/uploads\/2026\/02\/VEGA-300x83.png 300w, https:\/\/energypowersystems.website.tuke.sk\/wp-content\/uploads\/2026\/02\/VEGA-1024x285.png 1024w, https:\/\/energypowersystems.website.tuke.sk\/wp-content\/uploads\/2026\/02\/VEGA-768x214.png 768w\" sizes=\"auto, (max-width: 1460px) 100vw, 1460px\" \/><\/figure>\n<\/div>\n\n\n\n<div class=\"wp-block-column is-layout-flow wp-block-column-is-layout-flow\">\n<h3 class=\"wp-block-heading\">V\u00fdskum vplyvu rozvoja elektromobility a OZE na distribu\u010dn\u00e9 s\u00fastavy<\/h3>\n\n\n\n<p>Zodpovedn\u00fd rie\u0161ite\u013e: <strong>doc. Ing. Zsolt \u010conka, PhD.<\/strong><\/p>\n\n\n\n<p>\u010c\u00edslo projektu: <strong>VEGA 1\/0627\/24<\/strong><\/p>\n\n\n\n<p>Doba rie\u0161enia: <strong>2024-2026<\/strong><br><\/p>\n<\/div>\n<\/div>\n\n\n\n<div class=\"wp-block-columns is-layout-flex wp-container-core-columns-is-layout-7ec4fa8c wp-block-columns-is-layout-flex\" style=\"padding-top:var(--wp--preset--spacing--superbspacing-xxsmall);padding-bottom:var(--wp--preset--spacing--superbspacing-xxsmall)\">\n<div class=\"wp-block-column is-vertically-aligned-center is-layout-flow wp-container-core-column-is-layout-8a368f38 wp-block-column-is-layout-flow\" style=\"flex-basis:300px\">\n<figure class=\"wp-block-image aligncenter size-full is-style-default\" style=\"margin-top:var(--wp--preset--spacing--superbspacing-xsmall);margin-bottom:var(--wp--preset--spacing--superbspacing-xsmall)\"><img loading=\"lazy\" decoding=\"async\" width=\"1240\" height=\"630\" src=\"https:\/\/energypowersystems.website.tuke.sk\/wp-content\/uploads\/2026\/01\/visegrad.png\" alt=\"\" class=\"wp-image-245\" srcset=\"https:\/\/energypowersystems.website.tuke.sk\/wp-content\/uploads\/2026\/01\/visegrad.png 1240w, https:\/\/energypowersystems.website.tuke.sk\/wp-content\/uploads\/2026\/01\/visegrad-300x152.png 300w, https:\/\/energypowersystems.website.tuke.sk\/wp-content\/uploads\/2026\/01\/visegrad-1024x520.png 1024w, https:\/\/energypowersystems.website.tuke.sk\/wp-content\/uploads\/2026\/01\/visegrad-768x390.png 768w\" sizes=\"auto, (max-width: 1240px) 100vw, 1240px\" \/><\/figure>\n<\/div>\n\n\n\n<div class=\"wp-block-column is-layout-flow wp-block-column-is-layout-flow\">\n<h3 class=\"wp-block-heading\">Energy management for electric vehicle charging stations by planning micro renewable energy sources<\/h3>\n\n\n\n<p>Ved\u00faci projektu: <strong>dr in\u017c. Tomasz Kossowski<\/strong><\/p>\n\n\n\n<p>\u010c\u00edslo projektu: <strong>22520064<\/strong><\/p>\n\n\n\n<p>Doba rie\u0161enia: <strong>2025-2027<\/strong><br><\/p>\n<\/div>\n<\/div>\n\n\n\n<div class=\"wp-block-columns is-layout-flex wp-container-core-columns-is-layout-7ec4fa8c wp-block-columns-is-layout-flex\" style=\"padding-top:var(--wp--preset--spacing--superbspacing-xxsmall);padding-bottom:var(--wp--preset--spacing--superbspacing-xxsmall)\">\n<div class=\"wp-block-column is-vertically-aligned-center is-layout-flow wp-container-core-column-is-layout-8a368f38 wp-block-column-is-layout-flow\" style=\"flex-basis:300px\">\n<figure class=\"wp-block-image aligncenter size-full is-style-default\" style=\"margin-top:var(--wp--preset--spacing--superbspacing-xsmall);margin-bottom:var(--wp--preset--spacing--superbspacing-xsmall)\"><img loading=\"lazy\" decoding=\"async\" width=\"1240\" height=\"630\" src=\"https:\/\/energypowersystems.website.tuke.sk\/wp-content\/uploads\/2026\/01\/visegrad.png\" alt=\"\" class=\"wp-image-245\" srcset=\"https:\/\/energypowersystems.website.tuke.sk\/wp-content\/uploads\/2026\/01\/visegrad.png 1240w, https:\/\/energypowersystems.website.tuke.sk\/wp-content\/uploads\/2026\/01\/visegrad-300x152.png 300w, https:\/\/energypowersystems.website.tuke.sk\/wp-content\/uploads\/2026\/01\/visegrad-1024x520.png 1024w, https:\/\/energypowersystems.website.tuke.sk\/wp-content\/uploads\/2026\/01\/visegrad-768x390.png 768w\" sizes=\"auto, (max-width: 1240px) 100vw, 1240px\" \/><\/figure>\n<\/div>\n\n\n\n<div class=\"wp-block-column is-layout-flow wp-block-column-is-layout-flow\">\n<h3 class=\"wp-block-heading\"><strong>V4 EnergyNet: Academic Networking for Renewable Energy and Smart Power Systems<\/strong><\/h3>\n\n\n\n<p>Ved\u00faci projektu: <strong>doc. Ing. Marek Pavl\u00edk, PhD.<\/strong><\/p>\n\n\n\n<p>\u010c\u00edslo projektu: <strong>????<\/strong><\/p>\n\n\n\n<p>Doba rie\u0161enia: <strong>????<\/strong><br><\/p>\n<\/div>\n<\/div>\n\n\n\n<p><\/p>\n","protected":false},"excerpt":{"rendered":"<p>Nano-funkcionaliz\u00e1cia kvapal\u00edn pre olejov\u00e9 transform\u00e1tory Zodpovedn\u00fd rie\u0161ite\u013e: prof. Ing. Roman Cimbala, PhD. \u010c\u00edslo projektu: APVV-22-0115 Doba rie\u0161enia: 2023-2027 Development of knowledge and technology to implement retrofilling in power transformers using biodegradable or recycled fluids and fostering circular economy Ved\u00faci projektu: prof. Ing. Juraj Kurimsk\u00fd, PhD. \u010c\u00edslo projektu: 101182948 Doba rie\u0161enia: 2025-2029 V\u00fdskum mo\u017enost\u00ed zvy\u0161ovania prenosov\u00fdch [&hellip;]<\/p>\n","protected":false},"author":3,"featured_media":0,"parent":0,"menu_order":0,"comment_status":"closed","ping_status":"closed","template":"","meta":{"footnotes":""},"class_list":["post-414","page","type-page","status-publish","hentry"],"_links":{"self":[{"href":"https:\/\/energypowersystems.website.tuke.sk\/index.php\/wp-json\/wp\/v2\/pages\/414","targetHints":{"allow":["GET"]}}],"collection":[{"href":"https:\/\/energypowersystems.website.tuke.sk\/index.php\/wp-json\/wp\/v2\/pages"}],"about":[{"href":"https:\/\/energypowersystems.website.tuke.sk\/index.php\/wp-json\/wp\/v2\/types\/page"}],"author":[{"embeddable":true,"href":"https:\/\/energypowersystems.website.tuke.sk\/index.php\/wp-json\/wp\/v2\/users\/3"}],"replies":[{"embeddable":true,"href":"https:\/\/energypowersystems.website.tuke.sk\/index.php\/wp-json\/wp\/v2\/comments?post=414"}],"version-history":[{"count":7,"href":"https:\/\/energypowersystems.website.tuke.sk\/index.php\/wp-json\/wp\/v2\/pages\/414\/revisions"}],"predecessor-version":[{"id":558,"href":"https:\/\/energypowersystems.website.tuke.sk\/index.php\/wp-json\/wp\/v2\/pages\/414\/revisions\/558"}],"wp:attachment":[{"href":"https:\/\/energypowersystems.website.tuke.sk\/index.php\/wp-json\/wp\/v2\/media?parent=414"}],"curies":[{"name":"wp","href":"https:\/\/api.w.org\/{rel}","templated":true}]}}