{"id":571,"date":"2026-02-19T13:26:37","date_gmt":"2026-02-19T13:26:37","guid":{"rendered":"https:\/\/energypowersystems.website.tuke.sk\/?page_id=571"},"modified":"2026-02-19T13:27:43","modified_gmt":"2026-02-19T13:27:43","slug":"ing-samuelbucko-phd","status":"publish","type":"page","link":"https:\/\/energypowersystems.website.tuke.sk\/index.php\/ing-samuelbucko-phd\/","title":{"rendered":"Ing. Samuel Bucko, PhD."},"content":{"rendered":"\n<div class=\"wp-block-columns is-layout-flex wp-container-core-columns-is-layout-28f84493 wp-block-columns-is-layout-flex\">\n<div class=\"wp-block-column is-layout-flow wp-block-column-is-layout-flow\" style=\"flex-basis:33.33%\">\n<figure class=\"wp-block-image aligncenter size-large is-resized\" style=\"margin-top:var(--wp--preset--spacing--superbspacing-xsmall);margin-bottom:var(--wp--preset--spacing--superbspacing-xsmall)\"><img loading=\"lazy\" decoding=\"async\" width=\"1024\" height=\"1024\" src=\"https:\/\/energypowersystems.website.tuke.sk\/wp-content\/uploads\/2026\/01\/user-1024x1024.png\" alt=\"\" class=\"wp-image-265\" style=\"width:172px;height:auto\" srcset=\"https:\/\/energypowersystems.website.tuke.sk\/wp-content\/uploads\/2026\/01\/user-1024x1024.png 1024w, https:\/\/energypowersystems.website.tuke.sk\/wp-content\/uploads\/2026\/01\/user-300x300.png 300w, https:\/\/energypowersystems.website.tuke.sk\/wp-content\/uploads\/2026\/01\/user-150x150.png 150w, https:\/\/energypowersystems.website.tuke.sk\/wp-content\/uploads\/2026\/01\/user-768x768.png 768w, https:\/\/energypowersystems.website.tuke.sk\/wp-content\/uploads\/2026\/01\/user-1536x1536.png 1536w, https:\/\/energypowersystems.website.tuke.sk\/wp-content\/uploads\/2026\/01\/user.png 1995w\" sizes=\"auto, (max-width: 1024px) 100vw, 1024px\" \/><\/figure>\n\n\n\n<p class=\"has-text-align-center\"><strong>Technick\u00e1 univerzita v Ko\u0161iciach<br>Fakulta elektrotechniky a informatiky<br>Katedra elektroenergetiky<\/strong><\/p>\n\n\n\n<h4 class=\"wp-block-heading has-text-align-center\">H-index: 7 | Cit\u00e1cie: >85<\/h4>\n\n\n\n<div class=\"wp-block-group is-nowrap is-layout-flex wp-container-core-group-is-layout-6c531013 wp-block-group-is-layout-flex\">\n<div class=\"wp-block-group is-nowrap is-layout-flex wp-container-core-group-is-layout-6c531013 wp-block-group-is-layout-flex\">\n<figure class=\"wp-block-image aligncenter size-large is-resized is-style-default\"><a href=\"https:\/\/www.webofscience.com\/wos\/author\/record\/1851574\"><img loading=\"lazy\" decoding=\"async\" width=\"930\" height=\"1024\" src=\"https:\/\/energypowersystems.website.tuke.sk\/wp-content\/uploads\/2026\/01\/WOS-930x1024.png\" alt=\"\" class=\"wp-image-270\" style=\"object-fit:cover;width:30px;height:30px\" srcset=\"https:\/\/energypowersystems.website.tuke.sk\/wp-content\/uploads\/2026\/01\/WOS-930x1024.png 930w, https:\/\/energypowersystems.website.tuke.sk\/wp-content\/uploads\/2026\/01\/WOS-273x300.png 273w, https:\/\/energypowersystems.website.tuke.sk\/wp-content\/uploads\/2026\/01\/WOS-768x845.png 768w, https:\/\/energypowersystems.website.tuke.sk\/wp-content\/uploads\/2026\/01\/WOS-1395x1536.png 1395w, https:\/\/energypowersystems.website.tuke.sk\/wp-content\/uploads\/2026\/01\/WOS.png 1420w\" sizes=\"auto, (max-width: 930px) 100vw, 930px\" \/><\/a><\/figure>\n<\/div>\n\n\n\n<p><a href=\"https:\/\/www.webofscience.com\/wos\/author\/record\/1851574\"><strong>Web of Science: U-3586-2017<\/strong><\/a><\/p>\n<\/div>\n\n\n\n<div class=\"wp-block-group is-nowrap is-layout-flex wp-container-core-group-is-layout-6c531013 wp-block-group-is-layout-flex\">\n<div class=\"wp-block-group is-nowrap is-layout-flex wp-container-core-group-is-layout-6c531013 wp-block-group-is-layout-flex\">\n<figure class=\"wp-block-image aligncenter size-full is-resized\"><a href=\"https:\/\/orcid.org\/0000-0002-0902-8400\"><img loading=\"lazy\" decoding=\"async\" width=\"500\" height=\"500\" src=\"https:\/\/energypowersystems.website.tuke.sk\/wp-content\/uploads\/2026\/01\/ORCID.png\" alt=\"\" class=\"wp-image-269\" style=\"object-fit:cover;width:30px;height:30px\" srcset=\"https:\/\/energypowersystems.website.tuke.sk\/wp-content\/uploads\/2026\/01\/ORCID.png 500w, https:\/\/energypowersystems.website.tuke.sk\/wp-content\/uploads\/2026\/01\/ORCID-300x300.png 300w, https:\/\/energypowersystems.website.tuke.sk\/wp-content\/uploads\/2026\/01\/ORCID-150x150.png 150w\" sizes=\"auto, (max-width: 500px) 100vw, 500px\" \/><\/a><\/figure>\n<\/div>\n\n\n\n<p><a href=\"https:\/\/orcid.org\/0000-0002-9300-8145\"><strong>ORCID: 0000-0002-9300-8145<\/strong><\/a><\/p>\n<\/div>\n\n\n\n<div class=\"wp-block-group is-nowrap is-layout-flex wp-container-core-group-is-layout-6c531013 wp-block-group-is-layout-flex\">\n<div class=\"wp-block-group is-nowrap is-layout-flex wp-container-core-group-is-layout-6c531013 wp-block-group-is-layout-flex\">\n<figure class=\"wp-block-image aligncenter size-full is-resized is-style-default\"><a href=\"https:\/\/www.scopus.com\/authid\/detail.uri?authorId=56560224000\"><img loading=\"lazy\" decoding=\"async\" width=\"256\" height=\"256\" src=\"https:\/\/energypowersystems.website.tuke.sk\/wp-content\/uploads\/2026\/01\/Scopus.png\" alt=\"\" class=\"wp-image-271\" style=\"object-fit:cover;width:30px;height:30px\" srcset=\"https:\/\/energypowersystems.website.tuke.sk\/wp-content\/uploads\/2026\/01\/Scopus.png 256w, https:\/\/energypowersystems.website.tuke.sk\/wp-content\/uploads\/2026\/01\/Scopus-150x150.png 150w\" sizes=\"auto, (max-width: 256px) 100vw, 256px\" \/><\/a><\/figure>\n<\/div>\n\n\n\n<p><strong><a href=\"https:\/\/www.scopus.com\/authid\/detail.uri?authorId=56560224000\">Scopus ID: 56560224000<\/a> <\/strong><\/p>\n<\/div>\n\n\n\n<div class=\"wp-block-group is-nowrap is-layout-flex wp-container-core-group-is-layout-6c531013 wp-block-group-is-layout-flex\">\n<div class=\"wp-block-group is-nowrap is-layout-flex wp-container-core-group-is-layout-6c531013 wp-block-group-is-layout-flex\">\n<figure class=\"wp-block-image aligncenter size-full is-resized is-style-default\"><a href=\"https:\/\/www.researchgate.net\/profile\/Samuel-Bucko\"><img loading=\"lazy\" decoding=\"async\" width=\"512\" height=\"512\" src=\"https:\/\/energypowersystems.website.tuke.sk\/wp-content\/uploads\/2026\/01\/Researchgate.png\" alt=\"\" class=\"wp-image-267\" style=\"object-fit:cover;width:30px;height:30px\" srcset=\"https:\/\/energypowersystems.website.tuke.sk\/wp-content\/uploads\/2026\/01\/Researchgate.png 512w, https:\/\/energypowersystems.website.tuke.sk\/wp-content\/uploads\/2026\/01\/Researchgate-300x300.png 300w, https:\/\/energypowersystems.website.tuke.sk\/wp-content\/uploads\/2026\/01\/Researchgate-150x150.png 150w\" sizes=\"auto, (max-width: 512px) 100vw, 512px\" \/><\/a><\/figure>\n<\/div>\n\n\n\n<p><strong><a href=\"https:\/\/www.researchgate.net\/profile\/Samuel-Bucko\">ResearchGate profil<\/a><\/strong><\/p>\n<\/div>\n\n\n\n<div class=\"wp-block-group is-nowrap is-layout-flex wp-container-core-group-is-layout-6c531013 wp-block-group-is-layout-flex\">\n<div class=\"wp-block-group is-nowrap is-layout-flex wp-container-core-group-is-layout-6c531013 wp-block-group-is-layout-flex\">\n<figure class=\"wp-block-image aligncenter size-full is-resized is-style-default\"><a href=\"https:\/\/kee.fei.tuke.sk\/?page_id=209\"><img loading=\"lazy\" decoding=\"async\" width=\"2000\" height=\"2000\" src=\"https:\/\/energypowersystems.website.tuke.sk\/wp-content\/uploads\/2026\/02\/Contack.png\" alt=\"\" class=\"wp-image-532\" style=\"object-fit:cover;width:30px;height:30px\" srcset=\"https:\/\/energypowersystems.website.tuke.sk\/wp-content\/uploads\/2026\/02\/Contack.png 2000w, https:\/\/energypowersystems.website.tuke.sk\/wp-content\/uploads\/2026\/02\/Contack-300x300.png 300w, https:\/\/energypowersystems.website.tuke.sk\/wp-content\/uploads\/2026\/02\/Contack-1024x1024.png 1024w, https:\/\/energypowersystems.website.tuke.sk\/wp-content\/uploads\/2026\/02\/Contack-150x150.png 150w, https:\/\/energypowersystems.website.tuke.sk\/wp-content\/uploads\/2026\/02\/Contack-768x768.png 768w, https:\/\/energypowersystems.website.tuke.sk\/wp-content\/uploads\/2026\/02\/Contack-1536x1536.png 1536w\" sizes=\"auto, (max-width: 2000px) 100vw, 2000px\" \/><\/a><\/figure>\n<\/div>\n\n\n\n<p><strong><a href=\"https:\/\/kee.fei.tuke.sk\/?page_id=209\">Kontakt<\/a><\/strong><\/p>\n<\/div>\n<\/div>\n\n\n\n<div class=\"wp-block-column is-layout-flow wp-block-column-is-layout-flow\" style=\"flex-basis:66.66%\">\n<h3 class=\"wp-block-heading\">Oblasti v\u00fdskumu:<\/h3>\n\n\n\n<p><strong>Dielektrick\u00e1 spektroskopia<\/strong> (Meranie impedan\u010dn\u00fdch vlastnost\u00ed materi\u00e1lov v \u0161irokej \u010dasovej a frekven\u010dnej oblasti)<\/p>\n\n\n\n<p><strong>Degrad\u00e1cia materi\u00e1lov<\/strong> (Sk\u00famanie vplyvu prev\u00e1dzkov\u00fdch faktorov na \u017eivotnos\u0165 a vlastnosti izolantov)<\/p>\n\n\n\n<p><strong>Nanotechnol\u00f3gie v energetike<\/strong> (Aplik\u00e1cia nanomateri\u00e1lov do izola\u010dn\u00fdch syst\u00e9mov zariaden\u00ed za \u00fa\u010delom zv\u00fd\u0161enia ich spo\u013eahlivosti a v\u00fdkonu)<\/p>\n\n\n\n<h4 class=\"wp-block-heading\">K\u013e\u00fa\u010dov\u00e9 slov\u00e1:<\/h4>\n\n\n\n<p><strong><em>Dielektrick\u00e1 spektroskopia, degrad\u00e1cia izolantov, nanomateri\u00e1ly v energetike, impedan\u010dn\u00e1 anal\u00fdza, diagnostika materi\u00e1lov, spo\u013eahlivos\u0165 zariaden\u00ed.<\/em><\/strong><\/p>\n\n\n\n<h3 class=\"wp-block-heading\">Pou\u017e\u00edvan\u00e9 met\u00f3dy, technol\u00f3gie alebo pr\u00edstupy:<\/h3>\n\n\n\n<p>Komplexn\u00e1 charakteriz\u00e1cia impedan\u010dn\u00fdch vlastnost\u00ed materi\u00e1lov v \u0161irokom frekven\u010dnom rozsahu..<\/p>\n\n\n\n<p>Anal\u00fdza odozvy dielektr\u00edk (met\u00f3dy PDC \u2013 <em>Polarization Depolarization Current<\/em> a FDS \u2013 <em>Frequency Domain Spectroscopy<\/em>).<\/p>\n\n\n\n<p>Sk\u00famanie vplyvu tepeln\u00e9ho, elektrick\u00e9ho a environment\u00e1lneho nam\u00e1hania na integritu izolantov.<\/p>\n\n\n\n<p>Met\u00f3dy pr\u00edpravy a aplik\u00e1cie nano-\u010dast\u00edc do kompozitn\u00fdch izola\u010dn\u00fdch syst\u00e9mov pre zv\u00fd\u0161enie ich odolnosti.<\/p>\n\n\n\n<p>Testovanie a vyhodnocovanie k\u013e\u00fa\u010dov\u00fdch vlastnost\u00ed zariaden\u00ed elektroenergetickej s\u00fastavy za \u00fa\u010delom pred\u013a\u017eenia ich \u017eivotnosti.<\/p>\n\n\n\n<h3 class=\"wp-block-heading\">Ved\u00faci laborat\u00f3ria:<\/h3>\n\n\n\n<h4 class=\"wp-block-heading\"><strong>Laborat\u00f3rium \u017eivotn\u00e9ho prostredia<\/strong><\/h4>\n<\/div>\n<\/div>\n\n\n\n<p><\/p>\n","protected":false},"excerpt":{"rendered":"<p>Technick\u00e1 univerzita v Ko\u0161iciachFakulta elektrotechniky a informatikyKatedra elektroenergetiky H-index: 7 | Cit\u00e1cie: >85 Web of Science: U-3586-2017 ORCID: 0000-0002-9300-8145 Scopus ID: 56560224000 ResearchGate profil Kontakt Oblasti v\u00fdskumu: Dielektrick\u00e1 spektroskopia (Meranie impedan\u010dn\u00fdch vlastnost\u00ed materi\u00e1lov v \u0161irokej \u010dasovej a frekven\u010dnej oblasti) Degrad\u00e1cia materi\u00e1lov (Sk\u00famanie vplyvu prev\u00e1dzkov\u00fdch faktorov na \u017eivotnos\u0165 a vlastnosti izolantov) Nanotechnol\u00f3gie v energetike (Aplik\u00e1cia nanomateri\u00e1lov [&hellip;]<\/p>\n","protected":false},"author":3,"featured_media":0,"parent":0,"menu_order":0,"comment_status":"closed","ping_status":"closed","template":"","meta":{"footnotes":""},"class_list":["post-571","page","type-page","status-publish","hentry"],"_links":{"self":[{"href":"https:\/\/energypowersystems.website.tuke.sk\/index.php\/wp-json\/wp\/v2\/pages\/571","targetHints":{"allow":["GET"]}}],"collection":[{"href":"https:\/\/energypowersystems.website.tuke.sk\/index.php\/wp-json\/wp\/v2\/pages"}],"about":[{"href":"https:\/\/energypowersystems.website.tuke.sk\/index.php\/wp-json\/wp\/v2\/types\/page"}],"author":[{"embeddable":true,"href":"https:\/\/energypowersystems.website.tuke.sk\/index.php\/wp-json\/wp\/v2\/users\/3"}],"replies":[{"embeddable":true,"href":"https:\/\/energypowersystems.website.tuke.sk\/index.php\/wp-json\/wp\/v2\/comments?post=571"}],"version-history":[{"count":5,"href":"https:\/\/energypowersystems.website.tuke.sk\/index.php\/wp-json\/wp\/v2\/pages\/571\/revisions"}],"predecessor-version":[{"id":582,"href":"https:\/\/energypowersystems.website.tuke.sk\/index.php\/wp-json\/wp\/v2\/pages\/571\/revisions\/582"}],"wp:attachment":[{"href":"https:\/\/energypowersystems.website.tuke.sk\/index.php\/wp-json\/wp\/v2\/media?parent=571"}],"curies":[{"name":"wp","href":"https:\/\/api.w.org\/{rel}","templated":true}]}}