{"id":600,"date":"2026-02-19T15:16:16","date_gmt":"2026-02-19T15:16:16","guid":{"rendered":"https:\/\/energypowersystems.website.tuke.sk\/?page_id=600"},"modified":"2026-02-19T15:16:16","modified_gmt":"2026-02-19T15:16:16","slug":"ing-jan-zbojovsky-phd","status":"publish","type":"page","link":"https:\/\/energypowersystems.website.tuke.sk\/index.php\/ing-jan-zbojovsky-phd\/","title":{"rendered":"Ing.\u00a0J\u00e1n\u00a0Zbojovsk\u00fd, PhD."},"content":{"rendered":"\n<div class=\"wp-block-columns is-layout-flex wp-container-core-columns-is-layout-28f84493 wp-block-columns-is-layout-flex\">\n<div class=\"wp-block-column is-layout-flow wp-block-column-is-layout-flow\" style=\"flex-basis:33.33%\">\n<figure class=\"wp-block-image aligncenter size-large is-resized\" style=\"margin-top:var(--wp--preset--spacing--superbspacing-xsmall);margin-bottom:var(--wp--preset--spacing--superbspacing-xsmall)\"><img loading=\"lazy\" decoding=\"async\" width=\"1024\" height=\"1024\" src=\"https:\/\/energypowersystems.website.tuke.sk\/wp-content\/uploads\/2026\/01\/user-1024x1024.png\" alt=\"\" class=\"wp-image-265\" style=\"width:172px;height:auto\" srcset=\"https:\/\/energypowersystems.website.tuke.sk\/wp-content\/uploads\/2026\/01\/user-1024x1024.png 1024w, https:\/\/energypowersystems.website.tuke.sk\/wp-content\/uploads\/2026\/01\/user-300x300.png 300w, https:\/\/energypowersystems.website.tuke.sk\/wp-content\/uploads\/2026\/01\/user-150x150.png 150w, https:\/\/energypowersystems.website.tuke.sk\/wp-content\/uploads\/2026\/01\/user-768x768.png 768w, https:\/\/energypowersystems.website.tuke.sk\/wp-content\/uploads\/2026\/01\/user-1536x1536.png 1536w, https:\/\/energypowersystems.website.tuke.sk\/wp-content\/uploads\/2026\/01\/user.png 1995w\" sizes=\"auto, (max-width: 1024px) 100vw, 1024px\" \/><\/figure>\n\n\n\n<p class=\"has-text-align-center\"><strong>Technick\u00e1 univerzita v Ko\u0161iciach<br>Fakulta elektrotechniky a informatiky<br>Katedra elektroenergetiky<\/strong><\/p>\n\n\n\n<h4 class=\"wp-block-heading has-text-align-center\">H-index: 7 | Cit\u00e1cie: >150<\/h4>\n\n\n\n<div class=\"wp-block-group is-nowrap is-layout-flex wp-container-core-group-is-layout-6c531013 wp-block-group-is-layout-flex\">\n<div class=\"wp-block-group is-nowrap is-layout-flex wp-container-core-group-is-layout-6c531013 wp-block-group-is-layout-flex\">\n<figure class=\"wp-block-image aligncenter size-large is-resized is-style-default\"><a href=\"https:\/\/www.webofscience.com\/wos\/author\/record\/1506272\"><img loading=\"lazy\" decoding=\"async\" width=\"930\" height=\"1024\" src=\"https:\/\/energypowersystems.website.tuke.sk\/wp-content\/uploads\/2026\/01\/WOS-930x1024.png\" alt=\"\" class=\"wp-image-270\" style=\"object-fit:cover;width:30px;height:30px\" srcset=\"https:\/\/energypowersystems.website.tuke.sk\/wp-content\/uploads\/2026\/01\/WOS-930x1024.png 930w, https:\/\/energypowersystems.website.tuke.sk\/wp-content\/uploads\/2026\/01\/WOS-273x300.png 273w, https:\/\/energypowersystems.website.tuke.sk\/wp-content\/uploads\/2026\/01\/WOS-768x845.png 768w, https:\/\/energypowersystems.website.tuke.sk\/wp-content\/uploads\/2026\/01\/WOS-1395x1536.png 1395w, https:\/\/energypowersystems.website.tuke.sk\/wp-content\/uploads\/2026\/01\/WOS.png 1420w\" sizes=\"auto, (max-width: 930px) 100vw, 930px\" \/><\/a><\/figure>\n<\/div>\n\n\n\n<p><a href=\"https:\/\/www.webofscience.com\/wos\/author\/record\/1506272\"><strong>Web of Science: R-3952-2016<\/strong><\/a><\/p>\n<\/div>\n\n\n\n<div class=\"wp-block-group is-nowrap is-layout-flex wp-container-core-group-is-layout-6c531013 wp-block-group-is-layout-flex\">\n<div class=\"wp-block-group is-nowrap is-layout-flex wp-container-core-group-is-layout-6c531013 wp-block-group-is-layout-flex\">\n<figure class=\"wp-block-image aligncenter size-full is-resized\"><a href=\"https:\/\/orcid.org\/0000-0003-4383-3996\"><img loading=\"lazy\" decoding=\"async\" width=\"500\" height=\"500\" src=\"https:\/\/energypowersystems.website.tuke.sk\/wp-content\/uploads\/2026\/01\/ORCID.png\" alt=\"\" class=\"wp-image-269\" style=\"object-fit:cover;width:30px;height:30px\" srcset=\"https:\/\/energypowersystems.website.tuke.sk\/wp-content\/uploads\/2026\/01\/ORCID.png 500w, https:\/\/energypowersystems.website.tuke.sk\/wp-content\/uploads\/2026\/01\/ORCID-300x300.png 300w, https:\/\/energypowersystems.website.tuke.sk\/wp-content\/uploads\/2026\/01\/ORCID-150x150.png 150w\" sizes=\"auto, (max-width: 500px) 100vw, 500px\" \/><\/a><\/figure>\n<\/div>\n\n\n\n<p><a href=\"https:\/\/orcid.org\/0000-0003-4383-3996\"><strong>ORCID: 0000-0003-4383-3996<\/strong><\/a><\/p>\n<\/div>\n\n\n\n<div class=\"wp-block-group is-nowrap is-layout-flex wp-container-core-group-is-layout-6c531013 wp-block-group-is-layout-flex\">\n<div class=\"wp-block-group is-nowrap is-layout-flex wp-container-core-group-is-layout-6c531013 wp-block-group-is-layout-flex\">\n<figure class=\"wp-block-image aligncenter size-full is-resized is-style-default\"><a href=\"https:\/\/www.scopus.com\/authid\/detail.uri?authorId=57372399700\"><img loading=\"lazy\" decoding=\"async\" width=\"256\" height=\"256\" src=\"https:\/\/energypowersystems.website.tuke.sk\/wp-content\/uploads\/2026\/01\/Scopus.png\" alt=\"\" class=\"wp-image-271\" style=\"object-fit:cover;width:30px;height:30px\" srcset=\"https:\/\/energypowersystems.website.tuke.sk\/wp-content\/uploads\/2026\/01\/Scopus.png 256w, https:\/\/energypowersystems.website.tuke.sk\/wp-content\/uploads\/2026\/01\/Scopus-150x150.png 150w\" sizes=\"auto, (max-width: 256px) 100vw, 256px\" \/><\/a><\/figure>\n<\/div>\n\n\n\n<p><strong><a href=\"https:\/\/www.scopus.com\/authid\/detail.uri?authorId=57372399700\">Scopus ID: 57372399700<\/a> <\/strong><\/p>\n<\/div>\n\n\n\n<div class=\"wp-block-group is-nowrap is-layout-flex wp-container-core-group-is-layout-6c531013 wp-block-group-is-layout-flex\">\n<div class=\"wp-block-group is-nowrap is-layout-flex wp-container-core-group-is-layout-6c531013 wp-block-group-is-layout-flex\">\n<figure class=\"wp-block-image aligncenter size-full is-resized is-style-default\"><a href=\"https:\/\/www.researchgate.net\/profile\/Jan-Zbojovsky\"><img loading=\"lazy\" decoding=\"async\" width=\"512\" height=\"512\" src=\"https:\/\/energypowersystems.website.tuke.sk\/wp-content\/uploads\/2026\/01\/Researchgate.png\" alt=\"\" class=\"wp-image-267\" style=\"object-fit:cover;width:30px;height:30px\" srcset=\"https:\/\/energypowersystems.website.tuke.sk\/wp-content\/uploads\/2026\/01\/Researchgate.png 512w, https:\/\/energypowersystems.website.tuke.sk\/wp-content\/uploads\/2026\/01\/Researchgate-300x300.png 300w, https:\/\/energypowersystems.website.tuke.sk\/wp-content\/uploads\/2026\/01\/Researchgate-150x150.png 150w\" sizes=\"auto, (max-width: 512px) 100vw, 512px\" \/><\/a><\/figure>\n<\/div>\n\n\n\n<p><strong><a href=\"https:\/\/www.researchgate.net\/profile\/Jan-Zbojovsky\">ResearchGate profil<\/a><\/strong><\/p>\n<\/div>\n\n\n\n<div class=\"wp-block-group is-nowrap is-layout-flex wp-container-core-group-is-layout-6c531013 wp-block-group-is-layout-flex\">\n<div class=\"wp-block-group is-nowrap is-layout-flex wp-container-core-group-is-layout-6c531013 wp-block-group-is-layout-flex\">\n<figure class=\"wp-block-image aligncenter size-full is-resized is-style-default\"><a href=\"https:\/\/kee.fei.tuke.sk\/?page_id=209\"><img loading=\"lazy\" decoding=\"async\" width=\"2000\" height=\"2000\" src=\"https:\/\/energypowersystems.website.tuke.sk\/wp-content\/uploads\/2026\/02\/Contack.png\" alt=\"\" class=\"wp-image-532\" style=\"object-fit:cover;width:30px;height:30px\" srcset=\"https:\/\/energypowersystems.website.tuke.sk\/wp-content\/uploads\/2026\/02\/Contack.png 2000w, https:\/\/energypowersystems.website.tuke.sk\/wp-content\/uploads\/2026\/02\/Contack-300x300.png 300w, https:\/\/energypowersystems.website.tuke.sk\/wp-content\/uploads\/2026\/02\/Contack-1024x1024.png 1024w, https:\/\/energypowersystems.website.tuke.sk\/wp-content\/uploads\/2026\/02\/Contack-150x150.png 150w, https:\/\/energypowersystems.website.tuke.sk\/wp-content\/uploads\/2026\/02\/Contack-768x768.png 768w, https:\/\/energypowersystems.website.tuke.sk\/wp-content\/uploads\/2026\/02\/Contack-1536x1536.png 1536w\" sizes=\"auto, (max-width: 2000px) 100vw, 2000px\" \/><\/a><\/figure>\n<\/div>\n\n\n\n<p><strong><a href=\"https:\/\/kee.fei.tuke.sk\/?page_id=209\">Kontakt<\/a><\/strong><\/p>\n<\/div>\n<\/div>\n\n\n\n<div class=\"wp-block-column is-layout-flow wp-block-column-is-layout-flow\" style=\"flex-basis:66.66%\">\n<h3 class=\"wp-block-heading\">Oblasti v\u00fdskumu:<\/h3>\n\n\n\n<p><strong>EMC a tienenie<\/strong> (V\u00fdskum \u00fa\u010dinnosti tienenia elektromagnetick\u00fdch pol\u00ed stavebn\u00fdmi a kompozitn\u00fdmi materi\u00e1lmi)<\/p>\n\n\n\n<p><strong>Senzorika a pr\u00edstroje<\/strong> (N\u00e1vrh a aplik\u00e1cia merac\u00edch re\u0165azcov pre monitoring energetick\u00fdch veli\u010d\u00edn)<\/p>\n\n\n\n<p><strong>Smart Grids<\/strong> (Implement\u00e1cia inteligentn\u00fdch syst\u00e9mov merania a riadenia v distribu\u010dn\u00fdch sie\u0165ach)<\/p>\n\n\n\n<p><strong>Materi\u00e1lov\u00e9 in\u017einierstvo<\/strong> (\u0160t\u00fadium elektromagnetick\u00fdch vlastnost\u00ed netradi\u010dn\u00fdch a nanostrukt\u00farovan\u00fdch materi\u00e1lov)<\/p>\n\n\n\n<h4 class=\"wp-block-heading\">K\u013e\u00fa\u010dov\u00e9 slov\u00e1:<\/h4>\n\n\n\n<p><strong><em><strong>Elektromagnetick\u00e1 kompatibilita (EMC), \u00fa\u010dinnos\u0165 tienenia, inteligentn\u00e9 meracie syst\u00e9my (IMS), senzorika, materi\u00e1lov\u00e9 in\u017einierstvo, monitoring energetick\u00fdch veli\u010d\u00edn.<\/strong><\/em><\/strong><\/p>\n\n\n\n<h3 class=\"wp-block-heading\">Pou\u017e\u00edvan\u00e9 met\u00f3dy, technol\u00f3gie alebo pr\u00edstupy:<\/h3>\n\n\n\n<p>Pokro\u010dil\u00e9 modelovanie fyzik\u00e1lnych dejov s vyu\u017eit\u00edm met\u00f3dy kone\u010dn\u00fdch prvkov (FEM) pre anal\u00fdzu komplexn\u00fdch in\u017einierskych probl\u00e9mov.<\/p>\n\n\n\n<p>V\u00fdpo\u010dty rozlo\u017eenia elektrick\u00fdch a magnetick\u00fdch pol\u00ed v priestore a materi\u00e1loch pre optimaliz\u00e1ciu dizajnu elektrick\u00fdch zariaden\u00ed.<\/p>\n\n\n\n<p>Praktick\u00e1 realiz\u00e1cia meran\u00ed elektrick\u00fdch a elektromagnetick\u00fdch parametrov v laborat\u00f3rnych aj prev\u00e1dzkov\u00fdch podmienkach.<\/p>\n\n\n\n<p>Matematick\u00e1 interpret\u00e1cia nameran\u00fdch v\u00fdsledkov, filtr\u00e1cia \u0161umu a \u0161tatistick\u00e9 vyhodnocovanie experimentov.<\/p>\n\n\n\n<p>Metodika porovn\u00e1vania a prepojenia numerick\u00fdch simul\u00e1ci\u00ed s re\u00e1lnymi nameran\u00fdmi d\u00e1tami (Digital Twin pr\u00edstup) pre zv\u00fd\u0161enie presnosti modelov.<\/p>\n\n\n\n<h3 class=\"wp-block-heading\">Ved\u00faci laborat\u00f3ria:<\/h3>\n\n\n\n<h4 class=\"wp-block-heading\"><strong>Laborat\u00f3rium techniky vysok\u00fdch nap\u00e4t\u00ed<\/strong><\/h4>\n\n\n\n<h4 class=\"wp-block-heading\"><strong><strong>Laborat\u00f3rium plynn\u00fdch izolantov<\/strong><\/strong><\/h4>\n\n\n\n<h4 class=\"wp-block-heading\"><strong><strong><strong>Sk\u00fa\u0161ob\u0148a VVN prof. Ing. Karola Martona, DrSc.<\/strong><\/strong><\/strong><\/h4>\n<\/div>\n<\/div>\n\n\n\n<p><\/p>\n","protected":false},"excerpt":{"rendered":"<p>Technick\u00e1 univerzita v Ko\u0161iciachFakulta elektrotechniky a informatikyKatedra elektroenergetiky H-index: 7 | Cit\u00e1cie: >150 Web of Science: R-3952-2016 ORCID: 0000-0003-4383-3996 Scopus ID: 57372399700 ResearchGate profil Kontakt Oblasti v\u00fdskumu: EMC a tienenie (V\u00fdskum \u00fa\u010dinnosti tienenia elektromagnetick\u00fdch pol\u00ed stavebn\u00fdmi a kompozitn\u00fdmi materi\u00e1lmi) Senzorika a pr\u00edstroje (N\u00e1vrh a aplik\u00e1cia merac\u00edch re\u0165azcov pre monitoring energetick\u00fdch veli\u010d\u00edn) Smart Grids (Implement\u00e1cia inteligentn\u00fdch [&hellip;]<\/p>\n","protected":false},"author":3,"featured_media":0,"parent":0,"menu_order":0,"comment_status":"closed","ping_status":"closed","template":"","meta":{"footnotes":""},"class_list":["post-600","page","type-page","status-publish","hentry"],"_links":{"self":[{"href":"https:\/\/energypowersystems.website.tuke.sk\/index.php\/wp-json\/wp\/v2\/pages\/600","targetHints":{"allow":["GET"]}}],"collection":[{"href":"https:\/\/energypowersystems.website.tuke.sk\/index.php\/wp-json\/wp\/v2\/pages"}],"about":[{"href":"https:\/\/energypowersystems.website.tuke.sk\/index.php\/wp-json\/wp\/v2\/types\/page"}],"author":[{"embeddable":true,"href":"https:\/\/energypowersystems.website.tuke.sk\/index.php\/wp-json\/wp\/v2\/users\/3"}],"replies":[{"embeddable":true,"href":"https:\/\/energypowersystems.website.tuke.sk\/index.php\/wp-json\/wp\/v2\/comments?post=600"}],"version-history":[{"count":5,"href":"https:\/\/energypowersystems.website.tuke.sk\/index.php\/wp-json\/wp\/v2\/pages\/600\/revisions"}],"predecessor-version":[{"id":607,"href":"https:\/\/energypowersystems.website.tuke.sk\/index.php\/wp-json\/wp\/v2\/pages\/600\/revisions\/607"}],"wp:attachment":[{"href":"https:\/\/energypowersystems.website.tuke.sk\/index.php\/wp-json\/wp\/v2\/media?parent=600"}],"curies":[{"name":"wp","href":"https:\/\/api.w.org\/{rel}","templated":true}]}}