{"id":610,"date":"2026-02-20T06:06:36","date_gmt":"2026-02-20T06:06:36","guid":{"rendered":"https:\/\/energypowersystems.website.tuke.sk\/?page_id=610"},"modified":"2026-02-20T06:06:36","modified_gmt":"2026-02-20T06:06:36","slug":"doc-dr-ing-bystrik-dolnik","status":"publish","type":"page","link":"https:\/\/energypowersystems.website.tuke.sk\/index.php\/doc-dr-ing-bystrik-dolnik\/","title":{"rendered":"doc. Dr. Ing.\u00a0Bystr\u00edk\u00a0Doln\u00edk"},"content":{"rendered":"\n<div class=\"wp-block-columns is-layout-flex wp-container-core-columns-is-layout-28f84493 wp-block-columns-is-layout-flex\">\n<div class=\"wp-block-column is-layout-flow wp-block-column-is-layout-flow\" style=\"flex-basis:33.33%\">\n<figure class=\"wp-block-image aligncenter size-large is-resized\" style=\"margin-top:var(--wp--preset--spacing--superbspacing-xsmall);margin-bottom:var(--wp--preset--spacing--superbspacing-xsmall)\"><img loading=\"lazy\" decoding=\"async\" width=\"1024\" height=\"1024\" src=\"https:\/\/energypowersystems.website.tuke.sk\/wp-content\/uploads\/2026\/01\/user-1024x1024.png\" alt=\"\" class=\"wp-image-265\" style=\"width:172px;height:auto\" srcset=\"https:\/\/energypowersystems.website.tuke.sk\/wp-content\/uploads\/2026\/01\/user-1024x1024.png 1024w, https:\/\/energypowersystems.website.tuke.sk\/wp-content\/uploads\/2026\/01\/user-300x300.png 300w, https:\/\/energypowersystems.website.tuke.sk\/wp-content\/uploads\/2026\/01\/user-150x150.png 150w, https:\/\/energypowersystems.website.tuke.sk\/wp-content\/uploads\/2026\/01\/user-768x768.png 768w, https:\/\/energypowersystems.website.tuke.sk\/wp-content\/uploads\/2026\/01\/user-1536x1536.png 1536w, https:\/\/energypowersystems.website.tuke.sk\/wp-content\/uploads\/2026\/01\/user.png 1995w\" sizes=\"auto, (max-width: 1024px) 100vw, 1024px\" \/><\/figure>\n\n\n\n<p class=\"has-text-align-center\"><strong>Technick\u00e1 univerzita v Ko\u0161iciach<br>Fakulta elektrotechniky a informatiky<br>Katedra elektroenergetiky<\/strong><\/p>\n\n\n\n<h4 class=\"wp-block-heading has-text-align-center\">H-index: 13 | Cit\u00e1cie: >660<\/h4>\n\n\n\n<div class=\"wp-block-group is-nowrap is-layout-flex wp-container-core-group-is-layout-6c531013 wp-block-group-is-layout-flex\">\n<div class=\"wp-block-group is-nowrap is-layout-flex wp-container-core-group-is-layout-6c531013 wp-block-group-is-layout-flex\">\n<figure class=\"wp-block-image aligncenter size-large is-resized is-style-default\"><a href=\"https:\/\/www.webofscience.com\/wos\/author\/record\/1019294\"><img loading=\"lazy\" decoding=\"async\" width=\"930\" height=\"1024\" src=\"https:\/\/energypowersystems.website.tuke.sk\/wp-content\/uploads\/2026\/01\/WOS-930x1024.png\" alt=\"\" class=\"wp-image-270\" style=\"object-fit:cover;width:30px;height:30px\" srcset=\"https:\/\/energypowersystems.website.tuke.sk\/wp-content\/uploads\/2026\/01\/WOS-930x1024.png 930w, https:\/\/energypowersystems.website.tuke.sk\/wp-content\/uploads\/2026\/01\/WOS-273x300.png 273w, https:\/\/energypowersystems.website.tuke.sk\/wp-content\/uploads\/2026\/01\/WOS-768x845.png 768w, https:\/\/energypowersystems.website.tuke.sk\/wp-content\/uploads\/2026\/01\/WOS-1395x1536.png 1395w, https:\/\/energypowersystems.website.tuke.sk\/wp-content\/uploads\/2026\/01\/WOS.png 1420w\" sizes=\"auto, (max-width: 930px) 100vw, 930px\" \/><\/a><\/figure>\n<\/div>\n\n\n\n<p><a href=\"https:\/\/www.webofscience.com\/wos\/author\/record\/1019294\"><strong>Web of Science: C-4741-2016<\/strong><\/a><\/p>\n<\/div>\n\n\n\n<div class=\"wp-block-group is-nowrap is-layout-flex wp-container-core-group-is-layout-6c531013 wp-block-group-is-layout-flex\">\n<div class=\"wp-block-group is-nowrap is-layout-flex wp-container-core-group-is-layout-6c531013 wp-block-group-is-layout-flex\">\n<figure class=\"wp-block-image aligncenter size-full is-resized\"><a href=\"https:\/\/orcid.org\/0000-0003-1675-1290\"><img loading=\"lazy\" decoding=\"async\" width=\"500\" height=\"500\" src=\"https:\/\/energypowersystems.website.tuke.sk\/wp-content\/uploads\/2026\/01\/ORCID.png\" alt=\"\" class=\"wp-image-269\" style=\"object-fit:cover;width:30px;height:30px\" srcset=\"https:\/\/energypowersystems.website.tuke.sk\/wp-content\/uploads\/2026\/01\/ORCID.png 500w, https:\/\/energypowersystems.website.tuke.sk\/wp-content\/uploads\/2026\/01\/ORCID-300x300.png 300w, https:\/\/energypowersystems.website.tuke.sk\/wp-content\/uploads\/2026\/01\/ORCID-150x150.png 150w\" sizes=\"auto, (max-width: 500px) 100vw, 500px\" \/><\/a><\/figure>\n<\/div>\n\n\n\n<p><a href=\"https:\/\/orcid.org\/0000-0003-1675-1290\"><strong>ORCID: 0000-0003-1675-1290<\/strong><\/a><\/p>\n<\/div>\n\n\n\n<div class=\"wp-block-group is-nowrap is-layout-flex wp-container-core-group-is-layout-6c531013 wp-block-group-is-layout-flex\">\n<div class=\"wp-block-group is-nowrap is-layout-flex wp-container-core-group-is-layout-6c531013 wp-block-group-is-layout-flex\">\n<figure class=\"wp-block-image aligncenter size-full is-resized is-style-default\"><a href=\"https:\/\/www.scopus.com\/authid\/detail.uri?authorId=36447353100\"><img loading=\"lazy\" decoding=\"async\" width=\"256\" height=\"256\" src=\"https:\/\/energypowersystems.website.tuke.sk\/wp-content\/uploads\/2026\/01\/Scopus.png\" alt=\"\" class=\"wp-image-271\" style=\"object-fit:cover;width:30px;height:30px\" srcset=\"https:\/\/energypowersystems.website.tuke.sk\/wp-content\/uploads\/2026\/01\/Scopus.png 256w, https:\/\/energypowersystems.website.tuke.sk\/wp-content\/uploads\/2026\/01\/Scopus-150x150.png 150w\" sizes=\"auto, (max-width: 256px) 100vw, 256px\" \/><\/a><\/figure>\n<\/div>\n\n\n\n<p><strong><a href=\"https:\/\/www.scopus.com\/authid\/detail.uri?authorId=36447353100\">Scopus ID: 36447353100<\/a> <\/strong><\/p>\n<\/div>\n\n\n\n<div class=\"wp-block-group is-nowrap is-layout-flex wp-container-core-group-is-layout-6c531013 wp-block-group-is-layout-flex\">\n<div class=\"wp-block-group is-nowrap is-layout-flex wp-container-core-group-is-layout-6c531013 wp-block-group-is-layout-flex\">\n<figure class=\"wp-block-image aligncenter size-full is-resized is-style-default\"><a href=\"https:\/\/www.researchgate.net\/profile\/Bystrik-Dolnik\"><img loading=\"lazy\" decoding=\"async\" width=\"512\" height=\"512\" src=\"https:\/\/energypowersystems.website.tuke.sk\/wp-content\/uploads\/2026\/01\/Researchgate.png\" alt=\"\" class=\"wp-image-267\" style=\"object-fit:cover;width:30px;height:30px\" srcset=\"https:\/\/energypowersystems.website.tuke.sk\/wp-content\/uploads\/2026\/01\/Researchgate.png 512w, https:\/\/energypowersystems.website.tuke.sk\/wp-content\/uploads\/2026\/01\/Researchgate-300x300.png 300w, https:\/\/energypowersystems.website.tuke.sk\/wp-content\/uploads\/2026\/01\/Researchgate-150x150.png 150w\" sizes=\"auto, (max-width: 512px) 100vw, 512px\" \/><\/a><\/figure>\n<\/div>\n\n\n\n<p><strong><a href=\"https:\/\/www.researchgate.net\/profile\/Bystrik-Dolnik\">ResearchGate profil<\/a><\/strong><\/p>\n<\/div>\n\n\n\n<div class=\"wp-block-group is-nowrap is-layout-flex wp-container-core-group-is-layout-6c531013 wp-block-group-is-layout-flex\">\n<div class=\"wp-block-group is-nowrap is-layout-flex wp-container-core-group-is-layout-6c531013 wp-block-group-is-layout-flex\">\n<figure class=\"wp-block-image aligncenter size-full is-resized is-style-default\"><a href=\"https:\/\/kee.fei.tuke.sk\/?page_id=209\"><img loading=\"lazy\" decoding=\"async\" width=\"2000\" height=\"2000\" src=\"https:\/\/energypowersystems.website.tuke.sk\/wp-content\/uploads\/2026\/02\/Contack.png\" alt=\"\" class=\"wp-image-532\" style=\"object-fit:cover;width:30px;height:30px\" srcset=\"https:\/\/energypowersystems.website.tuke.sk\/wp-content\/uploads\/2026\/02\/Contack.png 2000w, https:\/\/energypowersystems.website.tuke.sk\/wp-content\/uploads\/2026\/02\/Contack-300x300.png 300w, https:\/\/energypowersystems.website.tuke.sk\/wp-content\/uploads\/2026\/02\/Contack-1024x1024.png 1024w, https:\/\/energypowersystems.website.tuke.sk\/wp-content\/uploads\/2026\/02\/Contack-150x150.png 150w, https:\/\/energypowersystems.website.tuke.sk\/wp-content\/uploads\/2026\/02\/Contack-768x768.png 768w, https:\/\/energypowersystems.website.tuke.sk\/wp-content\/uploads\/2026\/02\/Contack-1536x1536.png 1536w\" sizes=\"auto, (max-width: 2000px) 100vw, 2000px\" \/><\/a><\/figure>\n<\/div>\n\n\n\n<p><strong><a href=\"https:\/\/kee.fei.tuke.sk\/?page_id=209\">Kontakt<\/a><\/strong><\/p>\n<\/div>\n<\/div>\n\n\n\n<div class=\"wp-block-column is-layout-flow wp-block-column-is-layout-flow\" style=\"flex-basis:66.66%\">\n<h3 class=\"wp-block-heading\">Oblasti v\u00fdskumu:<\/h3>\n\n\n\n<p><strong>Elektromagnetick\u00e1 kompatibilita (EMC\/EMI)<\/strong> (Identifik\u00e1cia zdrojov ru\u0161enia a zvy\u0161ovanie odolnosti technick\u00fdch syst\u00e9mov vo\u010di elektromagnetick\u00fdm poliam).<\/p>\n\n\n\n<p><strong>Prep\u00e4tia a prechodn\u00e9 javy<\/strong> (Anal\u00fdza prechodn\u00fdch dejov v sie\u0165ach v\u0161etk\u00fdch nap\u00e4\u0165ov\u00fdch hlad\u00edn (n\u00edzkeho a\u017e zvl\u00e1\u0161\u0165 vysok\u00e9ho nap\u00e4tia) a komplexn\u00fd n\u00e1vrh prep\u00e4\u0165ov\u00fdch ochr\u00e1n).<\/p>\n\n\n\n<p><strong>Diagnostika a kvalita elektroenergetike<\/strong> (Sledovanie kvality dod\u00e1vky elektrickej energie a testovanie prvkov ochr\u00e1n spolu s v\u00fdskumom ur\u00fdchlen\u00e9ho starnutia izolantov).<\/p>\n\n\n\n<h4 class=\"wp-block-heading\">K\u013e\u00fa\u010dov\u00e9 slov\u00e1:<\/h4>\n\n\n\n<p><strong><em>Kvalita elektrickej energie, diagnostika ochr\u00e1n, ur\u00fdchlen\u00e9 starnutie, monitoring siete, \u017eivotnos\u0165 izolantov, technick\u00e1 profylaktika.<\/em><\/strong><\/p>\n\n\n\n<h3 class=\"wp-block-heading\">Pou\u017e\u00edvan\u00e9 met\u00f3dy, technol\u00f3gie alebo pr\u00edstupy:<\/h3>\n\n\n\n<p>Dlhodob\u00fd monitoring a vyhodnocovanie parametrov siete (harmonick\u00e9 skreslenie, fliker, nesymetria) pod\u013ea normy STN EN 50160.<\/p>\n\n\n\n<p>Meranie voltamp\u00e9rov\u00fdch charakterist\u00edk, zvodov\u00fdch pr\u00fadov a ur\u010dovanie stavu opotrebovania varistorov\u00fdch a bleskoistkov\u00fdch prvkov.<\/p>\n\n\n\n<p>Simul\u00e1cia prev\u00e1dzkov\u00e9ho nam\u00e1hania materi\u00e1lov v klimatick\u00fdch a vysokonap\u00e4\u0165ov\u00fdch komor\u00e1ch za \u00fa\u010delom predikcie ich \u017eivotnosti.<\/p>\n\n\n\n<p>Implement\u00e1cia senzorov\u00fdch siet\u00ed pre kontinu\u00e1lne sledovanie stavu energetick\u00fdch zariaden\u00ed v re\u00e1lnom \u010dase.<\/p>\n\n\n\n<p>Komplexn\u00e1 prevent\u00edvna diagnostika izola\u010dn\u00fdch syst\u00e9mov (meranie izola\u010dn\u00fdch odporov, stratov\u00e9ho \u010dinite\u013ea a kapacity) pre zn\u00ed\u017eenie rizika v\u00fdpadkov.<\/p>\n\n\n\n<p>Spracovanie d\u00e1t z testov starnutia a ur\u010dovanie pravdepodobnosti poruchy izolantov v z\u00e1vislosti od \u010dasu a nam\u00e1hania.<\/p>\n\n\n\n<h3 class=\"wp-block-heading\">Ved\u00faci laborat\u00f3ria:<\/h3>\n\n\n\n<h4 class=\"wp-block-heading\">Laborat\u00f3rium elektromagnetickej kompatibility<\/h4>\n<\/div>\n<\/div>\n\n\n\n<p><\/p>\n","protected":false},"excerpt":{"rendered":"<p>Technick\u00e1 univerzita v Ko\u0161iciachFakulta elektrotechniky a informatikyKatedra elektroenergetiky H-index: 13 | Cit\u00e1cie: >660 Web of Science: C-4741-2016 ORCID: 0000-0003-1675-1290 Scopus ID: 36447353100 ResearchGate profil Kontakt Oblasti v\u00fdskumu: Elektromagnetick\u00e1 kompatibilita (EMC\/EMI) (Identifik\u00e1cia zdrojov ru\u0161enia a zvy\u0161ovanie odolnosti technick\u00fdch syst\u00e9mov vo\u010di elektromagnetick\u00fdm poliam). Prep\u00e4tia a prechodn\u00e9 javy (Anal\u00fdza prechodn\u00fdch dejov v sie\u0165ach v\u0161etk\u00fdch nap\u00e4\u0165ov\u00fdch hlad\u00edn (n\u00edzkeho a\u017e [&hellip;]<\/p>\n","protected":false},"author":3,"featured_media":0,"parent":0,"menu_order":0,"comment_status":"closed","ping_status":"closed","template":"","meta":{"footnotes":""},"class_list":["post-610","page","type-page","status-publish","hentry"],"_links":{"self":[{"href":"https:\/\/energypowersystems.website.tuke.sk\/index.php\/wp-json\/wp\/v2\/pages\/610","targetHints":{"allow":["GET"]}}],"collection":[{"href":"https:\/\/energypowersystems.website.tuke.sk\/index.php\/wp-json\/wp\/v2\/pages"}],"about":[{"href":"https:\/\/energypowersystems.website.tuke.sk\/index.php\/wp-json\/wp\/v2\/types\/page"}],"author":[{"embeddable":true,"href":"https:\/\/energypowersystems.website.tuke.sk\/index.php\/wp-json\/wp\/v2\/users\/3"}],"replies":[{"embeddable":true,"href":"https:\/\/energypowersystems.website.tuke.sk\/index.php\/wp-json\/wp\/v2\/comments?post=610"}],"version-history":[{"count":5,"href":"https:\/\/energypowersystems.website.tuke.sk\/index.php\/wp-json\/wp\/v2\/pages\/610\/revisions"}],"predecessor-version":[{"id":615,"href":"https:\/\/energypowersystems.website.tuke.sk\/index.php\/wp-json\/wp\/v2\/pages\/610\/revisions\/615"}],"wp:attachment":[{"href":"https:\/\/energypowersystems.website.tuke.sk\/index.php\/wp-json\/wp\/v2\/media?parent=610"}],"curies":[{"name":"wp","href":"https:\/\/api.w.org\/{rel}","templated":true}]}}